y) = -y**2 + 7*y + 1. Calculate k(-1).
-7
Let p(h) = -3*h**3 - 16*h**2 - h. Calculate p(-5).
-20
Let t(p) = -10*p**3 + 2*p**2 - 2*p - 3. Determine t(-1).
11
Let a(u) = -u**2 + u + 19. What is a(4)?
7
Let y(s) = -28*s**2 + 9*s + 10. Give y(-1).
-27
Let g(h) = h**2 + h - 7. Give g(-4).
5
Let w(p) = -10*p**2 + 1. Calculate w(-1).
-9
Let u(o) = 13*o - 49. Determine u(4).
3
Let s(t) = -24*t + 8. Calculate s(-1).
32
Let c(g) = g**3 + 23*g**2 + 43*g + 8. Give c(-21).
-13
Let n(m) = m**2 + 16*m - 1. Give n(-5).
-56
Let m(p) = 11*p - 94. What is m(9)?
5
Let i(j) = j**2 + 11*j + 14. Determine i(-2).
-4
Let u(z) = 8*z - 354. Determine u(45).
6
Let s(n) = n**2 - 6*n + 2. Determine s(-2).
18
Let v(k) = -2*k**2 - 21*k - 75. What is v(-8)?
-35
Let c(z) = -24*z**3 + 3*z**2. Give c(1).
-21
Let o(u) = -u**2 + 14*u + 27. Calculate o(14).
27
Let y(z) = 6*z + 109. Determine y(-20).
-11
Let m(q) = q**3 + 4*q**2 - 2*q + 4. Determine m(-4).
12
Let n(l) = 3*l**2 + 3*l - 2. Determine n(2).
16
Let o(y) = 10*y + 2. Calculate o(4).
42
Let t(f) = -f**3 - 29*f**2 + 54*f - 244. What is t(-31)?
4
Let c(m) = m**2 - 7*m - 32. Give c(10).
-2
Let g(y) = -y**3 - 29*y**2 + 64*y + 68. Give g(-31).
6
Let q(d) = d**2 + 8*d - 5. What is q(-8)?
-5
Let w(v) = v + 30. What is w(-11)?
19
Let i(w) = -2*w - 11. Give i(-5).
-1
Let v(h) = -h**2 - 3*h - 6. Calculate v(-5).
-16
Let j(a) = -a**3 + 3*a**2 + 30*a - 10. Give j(7).
4
Let z(m) = 3*m - 44. Calculate z(14).
-2
Let k(c) = c**3 - 3*c**2 - 3*c + 9. Calculate k(4).
13
Let h(b) = 6*b + 6. What is h(-7)?
-36
Let s(r) = -3*r**2 + 3*r - 2. What is s(0)?
-2
Let c(h) = -6*h - 2. Calculate c(3).
-20
Let l(p) = 2*p**2 - 30*p + 158. Calculate l(8).
46
Let y(f) = 10*f + 68. Determine y(-9).
-22
Let r(v) = -12*v + 63. Give r(5).
3
Let h(q) = 2*q**2 - q - 2. Calculate h(-4).
34
Let h(n) = 11*n + 339. Determine h(-31).
-2
Let t(r) = 2*r**2 + 36*r + 165. What is t(-9)?
3
Let v(k) = -2*k - 3. Give v(-2).
1
Let j(c) = c**3 - 7*c - 3. What is j(-3)?
-9
Let x(a) = 2*a**2 - 16*a + 22. Determine x(7).
8
Let u(f) = 4*f + 72. Determine u(-19).
-4
Let h(f) = -5*f + 32. Give h(6).
2
Let s(d) = d**3 - 8*d**2 + 6*d + 8. What is s(7)?
1
Let g(s) = s**3 + 12*s**2 + 14*s - 30. Give g(-10).
30
Let h(p) = -7*p - 274. What is h(-39)?
-1
Let f(z) = -6*z**3 + 4*z**2 + 4*z + 1. What is f(-1)?
7
Let i(p) = -7*p + 69. Calculate i(13).
-22
Let m(w) = -5*w**2 - 6*w - 2. What is m(-2)?
-10
Let w(j) = 3*j**2 - 24*j - 12. What is w(9)?
15
Let f(k) = -k**2 - 39*k - 364. What is f(-16)?
4
Let z(w) = w**3 - 6*w**2 + 4*w - 5. Calculate z(4).
-21
Let o(p) = 7*p**2 - 9*p - 12. What is o(-1)?
4
Let v(p) = -2*p**2 + 166*p - 318. Give v(81).
6
Let g(l) = -l**3 + 36*l**2 - 64*l - 136. Calculate g(34).
0
Let x(u) = -u**2 - 49*u - 221. Determine x(-5).
-1
Let t(x) = x**2 - 4*x - 5. Give t(6).
7
Let f(p) = -p + 13. Calculate f(9).
4
Let v(b) = -2*b**3 + 2*b**2 + 9*b - 3. What is v(4)?
-63
Let i(w) = -6*w**3 + w**2 + 2*w. Give i(-1).
5
Let v(i) = 2*i + 2. What is v(1)?
4
Let m(h) = 16*h**2 - 10*h - 9. Calculate m(-3).
165
Let n(a) = 4*a + 34. Determine n(-17).
-34
Let z(a) = 2*a - 5. Determine z(0).
-5
Let y(w) = 139*w + 548. Calculate y(-4).
-8
Let b(m) = -3*m**2 + 4*m - 2. Calculate b(2).
-6
Let y(m) = 12*m**3 - 4*m**2 + 4*m - 3. What is y(2)?
85
Let z(s) = s**3 + 10*s**2 + 9*s - 3. What is z(-9)?
-3
Let q(o) = 2*o**2 + 7*o + 1. What is q(-4)?
5
Let i(z) = -z**2 + z + 22. Give i(4).
10
Let a(b) = b**2 - 7*b - 8. Give a(7).
-8
Let m(h) = 22*h**2 - 1. Give m(-1).
21
Let d(s) = -s**2 + 5*s + 2. Give d(3).
8
Let u(l) = -2*l. Determine u(-3).
6
Let f(o) = o**2 - 4*o - 2. Calculate f(5).
3
Let u(g) = -30*g**3 + 2*g**2 - g. Give u(1).
-29
Let i(u) = -u**3 + 6*u**2 - 4*u - 11. Calculate i(6).
-35
Let l(f) = -f + 40. Give l(11).
29
Let z(y) = y**3 - 8*y**2 + 47. Determine z(7).
-2
Let r(i) = -i**2 - 4*i - 4. Give r(-4).
-4
Let w(a) = -a**2 - 2*a - 12. What is w(-7)?
-47
Let d(f) = -f**3 + 6*f**2 - 2*f + 3. Give d(5).
18
Let j(a) = 2*a**3 - 2*a**2 + a + 2. Determine j(2).
12
Let a(k) = k**3 + 3*k**2 - 10*k - 3. Determine a(-5).
-3
Let n(a) = a**3 + 8*a**2 + 14*a + 8. What is n(-6)?
-4
Let t(o) = -o**2 - 2*o + 17. Determine t(-5).
2
Let x(n) = -n**3 + 5*n**2 - 4*n + 4. What is x(5)?
-16
Let q(h) = -h + 20. What is q(15)?
5
Let m(b) = 2*b - 4. Give m(-5).
-14
Let y(u) = -u**3 - 22*u**2 - 14. Determine y(-22).
-14
Let k(d) = 2*d**3 - 14*d**2. Calculate k(7).
0
Let x(n) = -n**2 - 11*n - 18. What is x(-7)?
10
Let x(p) = 11*p**2 + p + 2. Calculate x(-1).
12
Let g(n) = -n**3 + 20*n**2 - 3. Determine g(20).
-3
Let w(i) = i**3 + 19*i**2 + 19*i + 8. Determine w(-18).
-10
Let j(p) = 8*p - 15. Give j(7).
41
Let o(j) = -2*j**2 - 1. Calculate o(2).
-9
Let u(r) = r**3 + 31*r**2 - 2*r - 45. Give u(-31).
17
Let f(u) = u**2 + u. What is f(-2)?
2
Let b(o) = 55*o - 1. What is b(1)?
54
Let s(k) = k**3 - 17*k**2 - 22*k + 61. Determine s(18).
-11
Let w(f) = f**2 + 14*f + 7. Determine w(-13).
-6
Let p(f) = f**3 - 8*f**2 + 7*f + 9. Give p(7).
9
Let p(q) = -q**3 - 3*q**2 + 13*q - 8. Calculate p(-6).
22
Let b(i) = -i**3 + 11*i**2 - 10*i - 3. Calculate b(10).
-3
Let n(s) = -30*s - 152. Determine n(-5).
-2
Let m(v) = 6*v + 40. Determine m(-5).
10
Let o(b) = 4*b + 2. What is o(1)?
6
Let w(g) = -g**2 + 18*g - 25. Determine w(17).
-8
Let a(d) = -d + 18. Give a(5).
13
Let c(u) = -3*u**3 - u**2 - 7*u - 6. Calculate c(-1).
3
Let j(v) = -3*v**2 - v + 1. What is j(3)?
-29
Let x(a) = -4*a - 17. Calculate x(-6).
7
Let d(k) = 3*k**2 + 4*k - 2. Determine d(-2).
2
Let p(t) = -35*t - 32. Give p(-1).
3
Let n(g) = -6*g - 18. Calculate n(-7).
24
Let b(g) = 11*g**2 - 35*g + 1. Calculate b(3).
-5
Let m(d) = 2*d + 4. Give m(8).
20
Let k(w) = 14*w - 21. Give k(2).
7
Let d(c) = -11*c - 33. Determine d(-10).
77
Let m(j) = -j + 7. Give m(-5).
12
Let o(x) = -5*x**2 - 4*x + 9. Give o(2).
-19
Let p(n) = -n**2 + 9*n - 3. Determine p(6).
15
Let c(u) = u**3 - 5*u**2 - 8*u - 7. Calculate c(7).
35
Let c(z) = -6*z - 9. Determine c(-12).
63
Let x(a) = -a**2 + 4*a + 5. Calculate x(4).
5
Let o(r) = -r**3 + 12*r**2 - 12*r - 9. Determine o(11).
-20
Let t(v) = -6*v - 6. Determine t(5).
-36
Let k(j) = -16*j + 13. Calculate k(0).
13
Let k(y) = 4*y + 3. What is k(10)?
43
Let v(o) = o**3 - 10*o**2 - 11*o - 13. What is v(11)?
-13
Let f(m) = -3*m + 14. Calculate f(3).
5
Let a(p) = p**2 + 27*p + 121. What is a(-23)?
29
Let b(y) = -2*y**2 - 2*y + 2. Calculate b(-2).
-2
Let n(m) = -45*m - 2. What is n(1)?
-47
Let x(i) = 22*i + 1. Determine x(1).
23
Let r(m) = 11*m**3 - 55*m**2 + 2*m + 4. Give r(5).
14
Let x(g) = 6*g + 14. What is x(-12)?
-58
Let m(l) = -l**2 + 4*l + 107. Determine m(12).
11
Let f(z) = z + 21. Determine f(-18).
3
Let s(p) = 12*p**3 + 1. Give s(-2).
-95
Let x(p) = p**3 + p**2 - 4*p + 1. What is x(-3)?
-5
Let r(b) = b**3 - 24*b**2 - 24*b + 12. Calculate r(25).
37
Let p(j) = 6*j - 2. Calculate p(3).
16
Let b(t) = -6*t - 10. Give b(-3).
8
Let s(j) = 5*j**3 - 30*j**2 - 2. Calculate s(6).
-2
Let w(z) = z**2 + 18*z + 64. Determine w(-8).
-16
Let m(c) = c**3 - 20*c**2 + 19*c + 5. What is m(19)?
5
Let c(g) = -40*g - 838. Calculate c(-21).
2
Let o(q) = q**3 - 8*q**2 - 7*q + 6. Give o(7).
-92
Let w(m) = -9*m**2 - 6*m - 7. Calculate w(-2).
-31
Let t(h) = -h**3 - 4*h**2 + h + 5. What is t(-6)?
71
Let a(p) = p**3 + 6*p**2 - 12*p - 2. Calculate a(-8).
-34
Let f(v) = 6*v**3 + 2*v + 1. What is f(-1)?
-7
Let i(x) = x**2 - 15*x + 63. Calculate i(13).
37
Let p(h) = -h**2 - 5*h + 7. Give p(-6).
1
Let o(x) = x**2 + 4*x + 11. What is o(-9)?
56
Let p(n) = -3*n**2 + 47*n - 102. Calculate p(13).
2
Let k(n) = -6*n**3 + n**2 + n - 2. Calculate k(-2).
48
Let d(p) = -3*p - 83. Determine d(-31).
10
Let r(x) = -5*x + 18. Calculate r(4).
-2
Let k(m) = -13*m - 202. Calculate k(-15).
-7
Let s(m) = -m**2 - 19*m + 14. What is s(-13)?
92
Let a(h) = -2*h - 2. Give a(2).
-6
Let r(i) = -i**3 - 7*i**2 + 7*i - 17. Give r(-8).
-9
Let a(q) = -q**2 + 10*q - 7. What is a(8)?
9
Let u(f) = f**3 - f**2 - 4*f + 22. Give u(0).
22
Let q(w) = -w**3 + 5*w**2 - 6*w - 8. Calculate q(4).
-16
Let o(k) = -k**3 - 21*k**2 + 6*k + 39. Determine o(-21).
-87
Let k(u) = 3*u - 22. What is k(12)?
14
Let b(i) = -5*i + 6. What is b(2)?
-4
Let u(y) = -y**3 + 3*y - 2. Determine u(-4).
50
Let v(s) = -s**2 + 3*s - 3. Give v(2).
-1